 prime number?
True
Is 22426568701 a prime number?
True
Is 229357552727 prime?
True
Is 120215966305 prime?
False
Is 189846520733 a prime number?
False
Is 1939108537 a prime number?
True
Is 216688387793 composite?
False
Is 68677391681 composite?
False
Is 3539275007 prime?
True
Is 10987030829 a prime number?
True
Is 35379047 a prime number?
False
Is 20582312323 prime?
True
Is 5431950611 a composite number?
False
Is 154874462599 a composite number?
True
Is 388022743 a composite number?
False
Is 5424582049 composite?
True
Is 198467873 prime?
True
Is 9335271251 a composite number?
True
Is 166094074841 a prime number?
True
Is 27975439 a prime number?
True
Is 193496099 prime?
False
Is 25258051067 a prime number?
True
Is 168166831 composite?
True
Is 102815994923 prime?
True
Is 4245559247 prime?
True
Is 861846827 prime?
True
Is 985274753 a prime number?
False
Is 17050388291 composite?
False
Is 211032589 a prime number?
False
Is 1009582261 composite?
True
Is 4049129009 a composite number?
True
Is 52430016253 prime?
False
Is 13085121851 a prime number?
False
Is 21739748629 a composite number?
False
Is 844630517 a composite number?
True
Is 7643761819 prime?
True
Is 10514922065 composite?
True
Is 235026471 a prime number?
False
Is 2088283 composite?
True
Is 1781563259 prime?
False
Is 18946716277 a prime number?
False
Is 13650166147 composite?
False
Is 1317015967 a prime number?
False
Is 86965509019 composite?
False
Is 80545348619 a prime number?
True
Is 23027460329 a composite number?
False
Is 3228845135 prime?
False
Is 18338063 prime?
False
Is 248040313 a composite number?
False
Is 198331381 prime?
True
Is 20909103949 composite?
False
Is 1209582433 composite?
False
Is 57789952853 a composite number?
False
Is 1507750105 composite?
True
Is 16209848289 prime?
False
Is 34010754643 a composite number?
True
Is 5381683303 composite?
False
Is 7131407779 composite?
False
Is 253295187 a prime number?
False
Is 33285911849 prime?
False
Is 155771723 a prime number?
False
Is 8633525099 a composite number?
False
Is 9616808089 prime?
False
Is 3125716273 a composite number?
False
Is 11430518621 prime?
True
Is 50951852463 prime?
False
Is 250170913 composite?
False
Is 19398604357 prime?
False
Is 1981373657 a composite number?
False
Is 323841709 a prime number?
True
Is 60094628141 a composite number?
False
Is 514125037 a prime number?
True
Is 6962739299 a prime number?
True
Is 776050393 a composite number?
False
Is 23467507891 a composite number?
True
Is 1278695707 prime?
True
Is 184879207 prime?
True
Is 11494292227 prime?
False
Is 13234545721 prime?
True
Is 15209786533 composite?
True
Is 6578931139 composite?
True
Is 16044660719 prime?
True
Is 249090911 composite?
False
Is 3692768477 prime?
True
Is 7521542779 prime?
True
Is 5920347179 a prime number?
False
Is 456741193 composite?
True
Is 107411071 a composite number?
False
Is 34299530621 a prime number?
True
Is 31539236957 composite?
True
Is 7106869169 composite?
True
Is 3230531459 prime?
False
Is 9779895211 composite?
True
Is 2776998583 a prime number?
False
Is 116639543 prime?
False
Is 63933106579 composite?
False
Is 27198592387 composite?
False
Is 3372204097 a composite number?
True
Is 5344179383 prime?
True
Is 65788398359 a composite number?
False
Is 15044310347 prime?
False
Is 2636718559 prime?
False
Is 68999492927 a prime number?
False
Is 3878806531 a prime number?
False
Is 3534553937 a prime number?
True
Is 89172771481 prime?
True
Is 945751133 prime?
False
Is 2457984143 prime?
True
Is 3707113039 composite?
True
Is 5858287709 a prime number?
False
Is 205367298083 composite?
True
Is 1246231477 a prime number?
True
Is 2432317703 a prime number?
True
Is 1148342583 a prime number?
False
Is 2732746607 a composite number?
False
Is 62739391373 composite?
False
Is 815301701 composite?
False
Is 1403152669 composite?
True
Is 24304199097 a prime number?
False
Is 45735373407 a composite number?
True
Is 47427605327 composite?
True
Is 1651959709 prime?
True
Is 1370804161 composite?
True
Is 185933417569 a composite number?
True
Is 40628459591 prime?
False
Is 1816462673 a prime number?
False
Is 30943990813 composite?
False
Is 27329943289 a prime number?
False
Is 6038980679 prime?
False
Is 72672128363 composite?
True
Is 173940771613 composite?
True
Is 2750854247 composite?
True
Is 11564919629 a prime number?
True
Is 4499673179 composite?
False
Is 14872642051 composite?
False
Is 804345877 a composite number?
True
Is 152726601029 composite?
False
Is 33619009561 a composite number?
True
Is 742875017 prime?
True
Is 188581507 prime?
False
Is 4990267273 a prime number?
True
Is 555062311 composite?
False
Is 35260529977 a prime number?
False
Is 1397566739 a composite number?
False
Is 2228038177 a composite number?
False
Is 16557369149 composite?
False
Is 5034894017 prime?
True
Is 6838774039 composite?
False
Is 16347805121 prime?
True
Is 107516083867 a composite number?
False
Is 3282467543 a prime number?
False
Is 658367609 prime?
True
Is 2709836203 composite?
False
Is 5932558321 a prime number?
True
Is 517106797 a composite number?
False
Is 33495642599 composite?
False
Is 6565598363 a prime number?
False
Is 224356849 a composite number?
True
Is 6712791919 prime?
False
Is 23483599 a prime number?
True
Is 1161555251 prime?
True
Is 36506643731 composite?
False
Is 11909685709 composite?
False
Is 203148541 a composite number?
False
Is 13003868461 composite?
False
Is 102936269 a prime number?
True
Is 743565815 a composite number?
True
Is 648545269 composite?
True
Is 135016285597 prime?
True
Is 3400302205 composite?
True
Is 427482593 a prime number?
True
Is 17301340897 prime?
False
Is 7142915954 composite?
True
Is 880017133 prime?
True
Is 159190841 a prime number?
True
Is 5936943613 composite?
False
Is 1126997957 a prime number?
True
Is 24136078591 prime?
True
Is 1941119759 a composite number?
True
Is 7562654929 a composite number?
False
Is 122409554423 a prime number?
False
Is 53178632659 prime?
False
Is 420244177 prime?
True
Is 407675119 a prime number?
True
Is 107784814997 prime?
False
Is 4251314021 composite?
False
Is 1678846607 composite?
False
Is 653526007 composite?
True
Is 210097917247 prime?
True
Is 18885766529 a prime number?
False
Is 28339502567 composite?
False
Is 31052855777 prime?
True
Is 14007092179 composite?
False
Is 181617399529 prime?
False
Is 1784616661 a composite number?
False
Is 17709944113 a composite number?
False
Is 25524854227 composite?
False
Is 2993889695 a prime number?
False
Is 36482794203 composite?
True
Is 4452934709 prime?
False
Is 822677407 composite?
False
Is 1138362083 composite?
True
Is 207215933 a prime number?
False
Is 1051248187 a prime number?
False
Is 819257339 a composite number?
False
Is 4022934173 a composite number?
False
Is 54649211 a prime number?
False
Is 33241769459 composite?
False
Is 25523922419 prime?
True
Is 288643931743 composite?
True
Is 598237697 prime?
True
Is 1466357883 a composite number?
True
Is 223431553 a prime number?
True
Is 135866527 a composite number?
False
Is 34272586853 composite?
True
Is 17778911 a prime number?
True
Is 15506961947 a prime number?
True
Is 6045472739 prime?
True
Is 63598957 prime?
False
Is 5142973553 composite?
True
Is 5744850883 a prime number?
True
Is 917573519 a composite number?
True
Is 283459007 a composite number?
True
Is 233636531 a prime number?
True
Is 2118709141 composite?
False
Is 14218981 composite?
True
Is 98041469 composite?
True
Is 4725681934 composite?
True
Is 6599149042 a composite number?
True
Is 903385277 a composite number?
False
Is 2691612431 prime?
False
Is 263140388213 a prime number?
True
Is 20092697959 a prime number?
True
Is 25231518839 a prime number?
True
Is 8328601049 a prime number?
True
Is 18739241 composite?
False
Is 14269877 prime?
True
Is 940403531 composite?
True
Is 987944669 prime?
True
Is 12384254501 a prime number?
True
Is 15110104973 prime?
False
Is 323732671 a prime number?
True
Is 8140198331 prime?
True
Is 44725462553 prime?
True
Is 29160894979 a prime number?
True
Is 2435469821 prime?
False
Is 9755565559 a composite number?
False
Is 641283029 a composite number?
True
Is 96462607483 a prime number?
False
Is 25386596699 prime?
True
Is 56186737687 prime?
True
Is 1140316703 a prime number?
False
Is 8367778271 a composite